6*h + 6881, 0 = 5*h - l - 2303. What is the greatest common divisor of 9394 and h?
154
Let h = -8693 - -11432. Calculate the highest common divisor of 747 and h.
249
Let v(q) = 3*q**2 + 3*q + 4. Let w be v(-3). Let s be -3*(-264)/9*((-20)/28 - 3348/(-336)). Calculate the greatest common divisor of s and w.
22
Let l(a) = 123*a**3 + 8*a**2 - a - 4. Let z be l(1). Calculate the highest common factor of 3717 and z.
63
Let s(h) = -h**3 + 14*h**2 + 2*h - 25. Let k be s(14). Suppose 0 = -6*t - k*t + 108. Calculate the greatest common divisor of 15 and t.
3
Suppose 14*d - 8 = 13*d. Let c be -17*(-13 + d - -4). Calculate the highest common divisor of 1088 and c.
17
Suppose -k + 515 = -2*a, -14*a = 4*k - 17*a - 2015. What is the greatest common factor of 28 and k?
7
Let p be (64 + -11 + -6)*(-5)/(5/(-18)). Calculate the greatest common divisor of 486 and p.
18
Let p be (0 - 3) + -4 + 5 + (-2 - -22). What is the highest common factor of p and 11061?
9
Suppose 2*j = -4*q, 0 = -4*j - 3*q + q + 12. Suppose 77 = l - p, -j*l + 20*p = 17*p - 303. Calculate the greatest common divisor of 72 and l.
72
Suppose 4*w + 192 = 3*m, 5*m + 4*w + 0*w - 288 = 0. Suppose 2*t + 102 = 3*r, -2*r + 6*t = 5*t - 69. What is the greatest common divisor of r and m?
12
Let u = -16719 + 18773. What is the highest common factor of u and 2528?
158
Suppose 1316 = 13*n - 920. Suppose -2*m + n = 5*c, m + 184 = 5*c - 0*m. Calculate the greatest common divisor of c and 162.
18
Suppose -m - 6 = 0, -3*x + 27*m - 22*m + 129 = 0. What is the highest common factor of 1353 and x?
33
Let c be ((-21222)/(-39) - 9) + ((-4)/26 - 0). What is the greatest common divisor of 5457 and c?
107
Suppose 289*c - 300*c = -5082. What is the highest common divisor of c and 66?
66
Suppose 1445*q = 1440*q + 535. What is the highest common divisor of 12091 and q?
107
Suppose -3*i + 477 = 3*t, t - 2*t = -3*i - 139. Suppose -9*x + 24 = -13*x, -3*k = -5*x - 156. Calculate the greatest common factor of t and k.
14
Let i be 1 + (-84)/(-7) - 38/(-19). Calculate the greatest common divisor of i and 42285.
15
Let x = -663 - -754. What is the greatest common factor of 28 and x?
7
Suppose -40 = -15*k + 5. Let x(c) = 11*c**2 + 9*c - 24. Let z be x(k). What is the greatest common factor of z and 255?
51
Let l be 63 + (-34)/(-340)*180. Let x = 1207 + -559. Calculate the highest common divisor of l and x.
81
Let g = 350 - 348. Let h(i) = i**3 + 2*i**2 - 5*i - 1. Let l be h(g). Suppose -v - 14 = -54. Calculate the highest common divisor of l and v.
5
Suppose 3*q + 5*z = 75, 2*q + 5*z - 50 = z. Suppose 0 = q*w - 39*w + 854. Calculate the greatest common factor of 183 and w.
61
Let b = 2372 - 1266. Calculate the greatest common divisor of 56 and b.
14
Suppose 4*w - 65 = 3*y, -50 = 2*y - 4*w - 0*w. Suppose -3*r = -4*r + 252. Let v be r/(-105)*(y + 0). Calculate the greatest common factor of 54 and v.
18
Let w(y) = y**3 + 6*y**2 - 14*y + 17. Let i be w(-8). Let b be ((-21)/(-18) - i)*66. What is the greatest common factor of 55 and b?
11
Suppose 0 = 5*m + 3*w - 2 - 1, -3*w = -m + 15. Suppose 5*i = -4*a + 432, 3*a + m*i - 258 - 66 = 0. Calculate the greatest common divisor of a and 72.
36
Let m = -6147 - -10627. Suppose 697*n = 692*n + m. What is the greatest common divisor of n and 16?
16
Let m(x) = 33*x + 1. Let g be m(1). Let c = -453 + 460. Suppose -c*t = -t - 306. Calculate the greatest common factor of t and g.
17
Let n(f) = -2*f**3 + 215*f**2 + 885*f + 90. Let d be n(111). Calculate the greatest common factor of d and 198.
198
Let q be (-1 + 25/7)/((-63)/(-47922)). Calculate the greatest common factor of 108 and q.
12
Suppose -7*q = 55 - 118. Let z(g) = 63*g - 18. Let y be z(q). What is the greatest common factor of y and 122?
61
Suppose 2*s = -p + 8 - 3, 5 = 5*s. Suppose -p*d - r - 3 = -2*d, r = -4*d + 3. Let n be 19 - (-5)/5*d. Calculate the highest common factor of 273 and n.
21
Suppose 171 = 3*n + 2*z + 20, 4*n = 4*z + 208. What is the greatest common divisor of n and 102?
51
Suppose -2*y - y = 534. Let h be y/(-6) - (-8)/(-12). Let x = h - 17. Calculate the greatest common divisor of 30 and x.
6
Let c = -27 - -32. Let z be 3/((-9)/(-2013)) - (c + -6). What is the greatest common divisor of z and 21?
21
Let k(n) = -363*n**3 - 11*n**2 - 42*n. Let f be k(-3). Calculate the highest common factor of f and 36.
36
Let b be ((-3)/(-5))/((-7)/(-280)). Calculate the greatest common divisor of b and 2748.
12
Let v(b) = -2*b**3 + 9*b**2 + 10*b - 31. Let n be v(4). What is the greatest common divisor of 105 and n?
5
Let h = 35 + 35. Let s(d) = 21*d - 61. Let o be s(15). Let x = 268 - o. What is the greatest common divisor of x and h?
14
Suppose -114 = -2*l - 6*o + 5*o, 0 = -2*l + 4*o + 144. What is the highest common divisor of 15804 and l?
12
Let s = 231 - 175. Let w = s + 70. What is the highest common factor of w and 28?
14
Let a be (-5)/35 + 23530/70. Let o = 26 - -37. What is the highest common factor of a and o?
21
Suppose 2*b - 21*b = 38. Let k be b/12 + (-9)/(-324)*5622. Calculate the highest common factor of 182 and k.
26
Let l be 840 - (27 + -18 - 6). What is the highest common factor of l and 189?
27
Suppose 2*n + 296 = 2*w + 272, -3*n + 21 = 0. What is the greatest common divisor of 17803 and w?
19
Let l = 254 - 218. Suppose -l*s - 4*b = -41*s + 75, -5*s + b = -75. Calculate the highest common divisor of 33 and s.
3
Suppose 5*h = 2*i + 22, 0*i - 3*i - h - 67 = 0. Let j be -30*(98/i - (1 - 5)). Let z = j - 1. Calculate the highest common divisor of z and 152.
19
Let l = 19 + -5. Suppose 15*n - 16 = l*n. Suppose -q - 11 = -n. What is the greatest common divisor of 5 and q?
5
Let z(f) = 5652*f - 39528. Let l be z(7). Suppose 0 = -4*a + k + 2446, 0 = -2*a + 2*k - k + 1222. Calculate the highest common factor of a and l.
36
Suppose -239*w = -221*w - 30158 - 57556. Calculate the greatest common divisor of w and 33.
11
Suppose 3*f = -2*t - 703, -2*f = -7*t + 3*t + 474. Let a = f - -262. Calculate the highest common factor of 36 and a.
9
Let h be ((-500)/16 - -14)*((-68)/6 + -2). Calculate the highest common factor of 590 and h.
10
Suppose 6*v - 50 = -19*v. Suppose a = 3*g + 148, -94 = -v*a - 5*g + 147. Calculate the greatest common divisor of 76 and a.
19
Let m(s) = -2*s**2 + 330*s + 2414. Let g be m(-7). Calculate the greatest common divisor of g and 4446.
6
Suppose -2358 = 21*g - 30*g. Let s = g + -197. Calculate the greatest common divisor of s and 104.
13
Let n = 73929 + -46983. Calculate the highest common factor of 6 and n.
6
Let i(x) = x**2 - 4*x - 39. Let p = -10 - -25. Let h be i(p). What is the highest common factor of h and 14?
14
Let m be (-8)/52 + (-28)/42 + (-344)/(-39). What is the highest common factor of 454 and m?
2
Let z be 61*1 - (1 - 1). Suppose -q - 49*u + 198 = -54*u, -2*q - 21*u + 303 = 0. What is the highest common factor of q and z?
61
Suppose 0 = -5*g + x + 2, -4*g - 2*x = -3*g - 7. Suppose 0 = 3*y - 3 - 6. Let b be g - -2 - (9/y)/(-3). Calculate the greatest common factor of 4 and b.
4
Let b(d) = 2*d**3 - 2*d**2 + d + 2. Let t be b(2). Let y = -75575 + 75947. Calculate the highest common factor of y and t.
12
Suppose -25*a - 227 = -302. Calculate the greatest common divisor of 61 and a.
1
Let j be ((-47481)/15)/(-1) + (-4)/40*4. What is the highest common factor of j and 75?
15
Let f = 7379 + -5879. Calculate the highest common divisor of f and 45.
15
Suppose 197*k = 201*k - 148. Suppose -28*o + 27*o = -3*y + 5, 3*o + 4*y = k. What is the greatest common factor of 35 and o?
7
Let a(n) = 13*n - 39. Let o be a(3). Suppose -4*t + 3*s + 161 = o, 4*s - 5*s = -2*t + 83. What is the highest common factor of 396 and t?
44
Suppose 36 = -3*i + 4*o, o = -i + 3*o - 14. Let f be 366/((-36)/i - 3). Suppose -x + 4*w = -68, 4*x - w = w + f. What is the highest common divisor of 20 and x?
20
Let o be 3845 + (-6 - 12*(-1)/2)/(-1). What is the highest common divisor of o and 5?
5
Suppose 1580 = 5*t - 2*u, -3*t - 26*u + 944 = -28*u. Calculate the highest common divisor of t and 36.
6
Suppose 13*v = 4903 - 392. Let z = v - 346. What is the highest common divisor of z and 9?
1
Let g(x) = 3*x - x**3 + 5*x**2 - 1 + x**3 - x**3. Suppose -i - 4*n = -17, 13*i + 1 = 12*i + 2*n. Let z be g(i). What is the highest common diviso